-2033
In base 6, what is 5 + -101?
-52
In base 12, what is -9b - 10?
-ab
In base 3, what is 2 + -202121?
-202112
In base 7, what is -3410 + -2?
-3412
In base 15, what is -23 + -7b?
-9e
In base 2, what is 110 - -1101011?
1110001
In base 15, what is -178 + -5?
-17d
In base 3, what is -1 + 200?
122
In base 2, what is 110000011 + 101?
110001000
In base 15, what is -2 - -38d?
38b
In base 15, what is -3 + -d0?
-d3
In base 8, what is -3 - 3476?
-3501
In base 5, what is -10 - -310?
300
In base 12, what is 0 + 3346?
3346
In base 7, what is 21 - -13?
34
In base 5, what is 3411 - 1?
3410
In base 11, what is 5 + -6380?
-6376
In base 11, what is -601 - 0?
-601
In base 11, what is -155 + 11?
-144
In base 9, what is 7852 - 3?
7848
In base 3, what is -100021 - -100?
-22221
In base 8, what is 263 + 5?
270
In base 8, what is 31 + 402?
433
In base 13, what is 6 - -21?
27
In base 12, what is -1 - -208?
207
In base 3, what is -1211 - -11?
-1200
In base 10, what is 1 - 39?
-38
In base 4, what is -1132 - 10?
-1202
In base 4, what is -21222 + 10?
-21212
In base 11, what is 4 + 1?
5
In base 5, what is -123 + 3?
-120
In base 12, what is 6 - 613?
-609
In base 7, what is 1530 + 26?
1556
In base 8, what is -5 + -1146?
-1153
In base 5, what is 2244 - -22?
2321
In base 2, what is 110111010 + 100?
110111110
In base 3, what is 12101 - 0?
12101
In base 3, what is 12 + -1011111?
-1011022
In base 12, what is 1 - -1376?
1377
In base 13, what is -4 - 2b6?
-2ba
In base 6, what is -53323 + -2?
-53325
In base 12, what is 278 + 18?
294
In base 3, what is -10112 - -12?
-10100
In base 2, what is 101 + -1110100011?
-1110011110
In base 11, what is -4 + -67?
-70
In base 16, what is -7 - 7?
-e
In base 5, what is -33002 - 10?
-33012
In base 3, what is -10 - -2122111?
2122101
In base 13, what is 8 - -2bc?
2c7
In base 14, what is -9b - 3?
-a0
In base 14, what is -b + 1?
-a
In base 2, what is -1101101 + 10?
-1101011
In base 11, what is 0 - -25?
25
In base 9, what is 7 + 668?
676
In base 8, what is 47 - -5?
54
In base 2, what is -1010011 - 1000011?
-10010110
In base 12, what is -50 - -6?
-46
In base 3, what is 12 + -11?
1
In base 2, what is 1110 - 1010011?
-1000101
In base 5, what is -33 - -4430?
4342
In base 16, what is -56c - -3?
-569
In base 2, what is 101001 + 1100110?
10001111
In base 14, what is 13b - -14?
151
In base 16, what is 3 + -102?
-ff
In base 14, what is -7bb + 5?
-7b6
In base 10, what is 137 + 40?
177
In base 12, what is -62b + -5?
-634
In base 7, what is 4 + 36?
43
In base 9, what is -3337 - 13?
-3351
In base 16, what is -7 + -5b?
-62
In base 12, what is ab6 - 4?
ab2
In base 13, what is -542 + b?
-534
In base 11, what is -264 - 16?
-27a
In base 12, what is -64 + -4?
-68
In base 2, what is -1110010 + 110?
-1101100
In base 15, what is -8e + 0?
-8e
In base 4, what is -1 + 1103?
1102
In base 16, what is -2a85 - -3?
-2a82
In base 9, what is -23 + -7?
-31
In base 12, what is -5 - -28?
23
In base 14, what is 2 + -25?
-23
In base 8, what is 4100 + -5?
4073
In base 16, what is -a9 - -f?
-9a
In base 15, what is 0 + -a?
-a
In base 3, what is -102 + 120?
11
In base 2, what is 100011 + -1011011?
-111000
In base 9, what is -106 + -3?
-110
In base 12, what is -2 + 99?
97
In base 3, what is 1220 - -10?
2000
In base 2, what is 11011000101 - -101?
11011001010
In base 15, what is 98 + -3?
95
In base 6, what is -3314 - 4?
-3322
In base 2, what is 10010011 + -10101?
1111110
In base 16, what is -85 + -4?
-89
In base 3, what is -10 + 1?
-2
In base 8, what is -5 + 55?
50
In base 8, what is -21 + -23?
-44
In base 13, what is -3 + -601?
-604
In base 14, what is -4 + 13?
d
In base 11, what is -351 - -3?
-349
In base 9, what is 13731 + 5?
13736
In base 3, what is -11 + -20201120?
-20201201
In base 13, what is -2 + -6a?
-6c
In base 9, what is -375 - 4?
-380
In base 2, what is 100 - 1100101?
-1100001
In base 5, what is 14 - 2334?
-2320
In base 10, what is -8 - -1592?
1584
In base 7, what is 10 + -1131?
-1121
In base 5, what is -3 - -3222?
3214
In base 8, what is 1445 - 4?
1441
In base 13, what is -85 - -10?
-75
In base 13, what is -6 - 15c?
-165
In base 14, what is -5 - 34?
-39
In base 7, what is -1 + -14?
-15
In base 13, what is 0 - -789?
789
In base 14, what is 822 + 0?
822
In base 15, what is 5 - -623?
628
In base 9, what is 5 - 7877?
-7872
In base 9, what is 1 + -1332?
-1331
In base 13, what is 88 + -1?
87
In base 12, what is 201b - 3?
2018
In base 5, what is -4 + 411?
402
In base 8, what is 0 - -315?
315
In base 15, what is 173 - -5?
178
In base 8, what is -3 + -52?
-55
In base 3, what is -12 - 220?
-1002
In base 10, what is 2708 + 3?
2711
In base 11, what is 17 + -135?
-119
In base 9, what is 37704 + -3?
37701
In base 8, what is 20 + -66?
-46
In base 5, what is 204 - -23?
232
In base 3, what is 121000 - 2?
120221
In base 16, what is 4 - 3db?
-3d7
In base 9, what is -4 + -56?
-61
In base 16, what is 5 + -3?
2
In base 4, what is 31330 + -2?
31322
In base 13, what is 0 + 53?
53
In base 4, what is -2331 - -213?
-2112
In base 16, what is -281 + 5?
-27c
In base 13, what is 47 - 1?
46
In base 15, what is -17 + b2?
9a
In base 11, what is -4a - 0?
-4a
In base 2, what is -11 - -1100111?
1100100
In base 13, what is 0 - 54?
-54
In base 9, what is -286 + -32?
-328
In base 6, what is -10143 + -2?
-10145
In base 7, what is 1424 + -2?
1422
In base 16, what is 1184 - 0?
1184
In base 10, what is -1 - -439?
438
In base 7, what is -3 - 1361?
-1364
In base 12, what is -407 + -9?
-414
In base 10, what is -14 + 1?
-13
In base 12, what is 20 + -6?
16
In base 15, what is -442 + -1?
-443
In base 9, what is 261 - -3?
264
In base 12, what is 0 + -13b?
-13b
In base 5, what is 23 + 4?
32
In base 14, what is 9 + 19?
24
In base 13, what is -47 + 12?
-35
In base 5, what is 1 - 112100?
-112044
In base 7, what is -63454 + -1?
-63455
In base 8, what is -2 - -11?
7
In base 7, what is -1525 - 3?
-1531
In base 9, what is -3 + 284?
281
In base 12, what is -5 - -278?
273
In base 8, what is -23 + -50?
-73
In base 10, what is -118 + 6?
-112
In base 11, what is -20 + -16?
-36
In base 13, what is 1a - -1?
1b
In base 11, what is -2 + -7a?
-81
In base 7, what is 155 + -1?
154
In base 14, what is 21 + 2d?
50
In base 9, what is 701 + -1?
700
In base 4, what is 123 + -1200?
-1011
In base 3, what is -2 - -2102202?
2102200
In base 8, what is -715 + 3?
-712
In base 12, what is -55 + -32?
-87
In base 11, what is -11 - 3?
-14
In base 3, what is 1112 + -2002?
-120
In base 10, what is 92 + -297?
-205
In base 6, what is -2 + -1103?
-1105
In base 3, what is -1221 - -100?
-1121
In base 5, what is 40 + 13?
103
In base 14, what is 3 - 16?
-13
In base 7, what is 3 - 330?
-324
In base 13, what is -a7 - 32?
-109
In base 15, what is -7e - -8?
-76
In base 11, what is 3 + 12?
15
In base 16, what is 18 + 21?
39
In base 12, what is -4 + -2?
-6
In base 10, what is 2 + 70?
72
In base 3, what is -1 - 2101?
-2102
In base 5, what is 0 - -32241?
32241
In base 15, what is -4 + 409?
405
In base 7, what is 132463 - -5?
132501
In base 12, what is 5 + 3317?
3320
In base 3, what is 2 - 1022?
-1020
In base 3, what is 0 - 1121?
-1121
In base 8, what is 72 - -5?
77
In base 13, what is -11 + -21?
-32
In base 10, what is 437 - 2?
435
In base 6, what is 3 - 203?
-200
In base 8, what is 223 + 16?
241
In base 12, what is -931b - 2?
-9321
In base 3, what is -110012 - -2?
-110010
In base 11, what is -21 + 13?
-9
In base 9, what is 12 + -14?
-2
In base 7, what is 14055 + 4?
14062
In base 11, what is -5aa - -32?
-578
In base 8, what is 1322 - 2?
1320
In base 7, what is 42 + 3?
45
In base 11, what is 5 + 14?
19
In base 13, what is 4 + 20b?
212
In base 5, what is 10 + -33122?
-33112
In base 13, what is 20 - 238?
-218
In base 13, what is -3 - 31?
-34
In base 15, what is a5 + 0?
a5
In base 14, what is d22 + 0?
d22
In base 9, what is 372 - 5?
366
In base 10, what is 5 + 6068?
6073
In base 16, what is -1 + cc?
cb
In base 7, what is -1463 + -1?
-1464
In base 6, what is 205 - -13?
222
In base 13, what is 2 - 197?
-195
In base 8, what is 10 - -14?
24
In base 2, what is -1100 + -11?
-1111
In base 3, what is -1 + -1001221?
-1001222
In base 11, what is 217 - -a?
226
In base 9, what is 4 - -461?
465
In base 5, what is -11414 - -113?
-11301
In base 10, what is -1 + -34?
-35
In base 3, what is -12 - 211?